{"id":65,"date":"2019-02-16T20:41:30","date_gmt":"2019-02-16T19:41:30","guid":{"rendered":"https:\/\/shihtzu.com.pl\/sklep\/?post_type=product&#038;p=65"},"modified":"2023-12-17T16:31:16","modified_gmt":"2023-12-17T15:31:16","slug":"purina-optistart-dla-szczeniat-psow-malych-ras","status":"publish","type":"product","link":"https:\/\/shihtzu.com.pl\/sklep\/produkt\/purina-optistart-dla-szczeniat-psow-malych-ras\/","title":{"rendered":"Purina Optistart dla szczeni\u0105t ps\u00f3w ma\u0142ych ras"},"content":{"rendered":"<h3 style=\"text-align: center;\">PURINA OPTISTART dla szczeni\u0105t Shih Tzu<\/h3>\n<p>D\u0142ugie spacery, codzienna zabawa i pieszczoty zaspokajaj\u0105 du\u017c\u0105 cz\u0119\u015b\u0107 potrzeb Twojego szczeniaka, ale aby w pe\u0142ni si\u0119 z nich cieszy\u0107, niezb\u0119dne jest odpowiednie \u017cywienie psiego malucha. Karma <strong>PURINA OPTISTART<\/strong> dla szczeni\u0105t ma\u0142ych ras to odpowied\u017a na rosn\u0105ce wymagania \u015bwiadomych posiadaczy tych rozkosznych stworze\u0144.<\/p>\n<p>Eksperci marki Purina zatroszczyli si\u0119 o ka\u017cdy z kluczowych aspekt\u00f3w rozwoju m\u0142odego psa. Intensywny wzrost w pierwszych miesi\u0105cach \u017cycia oznacza zwi\u0119kszone zapotrzebowanie na sk\u0142adniki od\u017cywcze takie jak bia\u0142ko, wysokiej jako\u015bci t\u0142uszcze, w\u0119glowodany, a tak\u017ce witaminy i minera\u0142y. Wystarczy rzut oka na sk\u0142ad karmy <strong>PURINA OPTISTART<\/strong>, aby przekona\u0107 si\u0119, \u017ce karmiony ni\u0105 szczeniak otrzymuje wszystko, czego potrzeba do zdrowego rozwoju. Du\u017ca zawarto\u015b\u0107 kurczaka, tran, warzywa i cenne dla psiego organizmu sole mineralne m\u00f3wi\u0105 same za siebie.<\/p>\n<p>Badania kliniczne potwierdzaj\u0105, \u017ce pokarm <strong>PURINA OPTISTART<\/strong> korzystnie wp\u0142ywa na prac\u0119 delikatnego, rozwijaj\u0105cego si\u0119 uk\u0142adu trawiennego, pomaga chroni\u0107 szczeni\u0119ce z\u0105bki (mleczne oraz p\u00f3\u017aniej sta\u0142e) i wspomaga prac\u0119 staw\u00f3w u \u017cwawych i aktywnych psiak\u00f3w. Szczeni\u0119ta karmione t\u0105 karm\u0105 maj\u0105 wysok\u0105 odporno\u015b\u0107 na choroby i urazy, statystycznie lepiej te\u017c reaguj\u0105 na szczepienia. Wszystko to dzi\u0119ki formule zawieraj\u0105cej innowacyjny sk\u0142adnik, jakim jest collostrum \u2013\u00a0 ekstrakt z pierwszego mleka matki, w kt\u00f3rym zawarte s\u0105 najcenniejsze i niemo\u017cliwe do sztucznego odtworzenia substancje od\u017cywcze. To swego rodzaju \u201epakiet startowy\u201d na d\u0142ugie lata zdrowego psiego \u017cycia!<\/p>\n<p>&nbsp;<\/p>\n","protected":false},"excerpt":{"rendered":"<p>Sucha karma Purina Proplan Optistart to karma przygotowana specjalnie dla szczeni\u0105t ps\u00f3w ma\u0142ych ras jak Shih Tzu \u017ceby zapewni\u0107 im optymalne po\u017cywienie.<\/p>\n","protected":false},"featured_media":898,"comment_status":"open","ping_status":"closed","template":"","meta":[],"product_cat":[34,46],"product_tag":[],"yoast_head":"<!-- This site is optimized with the Yoast SEO plugin v22.0 - https:\/\/yoast.com\/wordpress\/plugins\/seo\/ -->\n<title>Purina ProPlan Optistart dla szczeni\u0105t ps\u00f3w rasy Shih Tzu<\/title>\n<meta name=\"description\" content=\"Sucha karma Purina Proplan Optistart to karma przygotowana specjalnie dla szczeni\u0105t ps\u00f3w ma\u0142ych ras jak Shih Tzu \u017ceby zapewni\u0107 im optymalne po\u017cywienie.\" \/>\n<meta name=\"robots\" content=\"index, follow, max-snippet:-1, max-image-preview:large, max-video-preview:-1\" \/>\n<link rel=\"canonical\" href=\"https:\/\/shihtzu.com.pl\/sklep\/produkt\/purina-optistart-dla-szczeniat-psow-malych-ras\/\" \/>\n<meta property=\"og:locale\" content=\"pl_PL\" \/>\n<meta property=\"og:type\" content=\"article\" \/>\n<meta property=\"og:title\" content=\"Purina ProPlan Optistart dla szczeni\u0105t ps\u00f3w rasy Shih Tzu\" \/>\n<meta property=\"og:description\" content=\"Sucha karma Purina Proplan Optistart to karma przygotowana specjalnie dla szczeni\u0105t ps\u00f3w ma\u0142ych ras jak Shih Tzu \u017ceby zapewni\u0107 im optymalne po\u017cywienie.\" \/>\n<meta property=\"og:url\" content=\"https:\/\/shihtzu.com.pl\/sklep\/produkt\/purina-optistart-dla-szczeniat-psow-malych-ras\/\" \/>\n<meta property=\"og:site_name\" content=\"Sklep z artyku\u0142ami dla ps\u00f3w shihtzu.com.pl\" \/>\n<meta property=\"article:publisher\" content=\"https:\/\/www.facebook.com\/Shihtzucompl\/\" \/>\n<meta property=\"article:modified_time\" content=\"2023-12-17T15:31:16+00:00\" \/>\n<meta property=\"og:image\" content=\"https:\/\/shihtzu.com.pl\/sklep\/wp-content\/uploads\/2019\/02\/Purina-Optiderma-dla-szczeni\u0105t-ps\u00f3w-ma\u0142ych-ras.jpg\" \/>\n\t<meta property=\"og:image:width\" content=\"600\" \/>\n\t<meta property=\"og:image:height\" content=\"600\" \/>\n\t<meta property=\"og:image:type\" content=\"image\/jpeg\" \/>\n<meta name=\"twitter:card\" content=\"summary_large_image\" \/>\n<meta name=\"twitter:title\" content=\"Purina ProPlan Optistart dla szczeni\u0105t ps\u00f3w rasy Shih Tzu\" \/>\n<meta name=\"twitter:description\" content=\"Sucha karma Purina Proplan Optistart to karma przygotowana specjalnie dla szczeni\u0105t ps\u00f3w ma\u0142ych ras jak Shih Tzu \u017ceby zapewni\u0107 im optymalne po\u017cywienie.\" \/>\n<meta name=\"twitter:image\" content=\"https:\/\/shihtzu.com.pl\/sklep\/wp-content\/uploads\/2019\/02\/Purina-Optiderma-dla-szczeni\u0105t-ps\u00f3w-ma\u0142ych-ras.jpg\" \/>\n<meta name=\"twitter:label1\" content=\"Szacowany czas czytania\" \/>\n\t<meta name=\"twitter:data1\" content=\"2 minuty\" \/>\n<script type=\"application\/ld+json\" class=\"yoast-schema-graph\">{\"@context\":\"https:\/\/schema.org\",\"@graph\":[{\"@type\":\"WebPage\",\"@id\":\"https:\/\/shihtzu.com.pl\/sklep\/produkt\/purina-optistart-dla-szczeniat-psow-malych-ras\/\",\"url\":\"https:\/\/shihtzu.com.pl\/sklep\/produkt\/purina-optistart-dla-szczeniat-psow-malych-ras\/\",\"name\":\"Purina ProPlan Optistart dla szczeni\u0105t ps\u00f3w rasy Shih Tzu\",\"isPartOf\":{\"@id\":\"https:\/\/shihtzu.com.pl\/sklep\/#website\"},\"datePublished\":\"2019-02-16T19:41:30+00:00\",\"dateModified\":\"2023-12-17T15:31:16+00:00\",\"description\":\"Sucha karma Purina Proplan Optistart to karma przygotowana specjalnie dla szczeni\u0105t ps\u00f3w ma\u0142ych ras jak Shih Tzu \u017ceby zapewni\u0107 im optymalne po\u017cywienie.\",\"breadcrumb\":{\"@id\":\"https:\/\/shihtzu.com.pl\/sklep\/produkt\/purina-optistart-dla-szczeniat-psow-malych-ras\/#breadcrumb\"},\"inLanguage\":\"pl-PL\",\"potentialAction\":[{\"@type\":\"ReadAction\",\"target\":[\"https:\/\/shihtzu.com.pl\/sklep\/produkt\/purina-optistart-dla-szczeniat-psow-malych-ras\/\"]}]},{\"@type\":\"BreadcrumbList\",\"@id\":\"https:\/\/shihtzu.com.pl\/sklep\/produkt\/purina-optistart-dla-szczeniat-psow-malych-ras\/#breadcrumb\",\"itemListElement\":[{\"@type\":\"ListItem\",\"position\":1,\"name\":\"Sklep\",\"item\":\"https:\/\/shihtzu.com.pl\/sklep\/\"},{\"@type\":\"ListItem\",\"position\":2,\"name\":\"Sucha karma\",\"item\":\"https:\/\/shihtzu.com.pl\/sklep\/.\/sucha-karma\/\"},{\"@type\":\"ListItem\",\"position\":3,\"name\":\"Purina Optistart dla szczeni\u0105t ps\u00f3w ma\u0142ych ras\"}]},{\"@type\":\"WebSite\",\"@id\":\"https:\/\/shihtzu.com.pl\/sklep\/#website\",\"url\":\"https:\/\/shihtzu.com.pl\/sklep\/\",\"name\":\"Sklep z artyku\u0142ami dla ps\u00f3w shihtzu.com.pl\",\"description\":\"Sklep specjalistyczny z artyku\u0142ami pod ras\u0119 Shih tzu. Znajdziesz tu od szampon\u00f3w przeznaczonych dla Shih tzu, przez od\u017cywki a\u017c po zabawki.\",\"publisher\":{\"@id\":\"https:\/\/shihtzu.com.pl\/sklep\/#organization\"},\"potentialAction\":[{\"@type\":\"SearchAction\",\"target\":{\"@type\":\"EntryPoint\",\"urlTemplate\":\"https:\/\/shihtzu.com.pl\/sklep\/?s={search_term_string}\"},\"query-input\":\"required name=search_term_string\"}],\"inLanguage\":\"pl-PL\"},{\"@type\":\"Organization\",\"@id\":\"https:\/\/shihtzu.com.pl\/sklep\/#organization\",\"name\":\"Sklep z artyku\u0142ami dla ps\u00f3w shihtzu.com.pl\",\"url\":\"https:\/\/shihtzu.com.pl\/sklep\/\",\"logo\":{\"@type\":\"ImageObject\",\"inLanguage\":\"pl-PL\",\"@id\":\"https:\/\/shihtzu.com.pl\/sklep\/#\/schema\/logo\/image\/\",\"url\":\"https:\/\/shihtzu.com.pl\/sklep\/wp-content\/uploads\/2020\/10\/cropped-Sklep-dla-shih-tzu-Logo.png\",\"contentUrl\":\"https:\/\/shihtzu.com.pl\/sklep\/wp-content\/uploads\/2020\/10\/cropped-Sklep-dla-shih-tzu-Logo.png\",\"width\":2077,\"height\":519,\"caption\":\"Sklep z artyku\u0142ami dla ps\u00f3w shihtzu.com.pl\"},\"image\":{\"@id\":\"https:\/\/shihtzu.com.pl\/sklep\/#\/schema\/logo\/image\/\"},\"sameAs\":[\"https:\/\/www.facebook.com\/Shihtzucompl\/\",\"https:\/\/www.linkedin.com\/company\/shih-tzu-sklep\/\"]}]}<\/script>\n<!-- \/ Yoast SEO plugin. -->","yoast_head_json":{"title":"Purina ProPlan Optistart dla szczeni\u0105t ps\u00f3w rasy Shih Tzu","description":"Sucha karma Purina Proplan Optistart to karma przygotowana specjalnie dla szczeni\u0105t ps\u00f3w ma\u0142ych ras jak Shih Tzu \u017ceby zapewni\u0107 im optymalne po\u017cywienie.","robots":{"index":"index","follow":"follow","max-snippet":"max-snippet:-1","max-image-preview":"max-image-preview:large","max-video-preview":"max-video-preview:-1"},"canonical":"https:\/\/shihtzu.com.pl\/sklep\/produkt\/purina-optistart-dla-szczeniat-psow-malych-ras\/","og_locale":"pl_PL","og_type":"article","og_title":"Purina ProPlan Optistart dla szczeni\u0105t ps\u00f3w rasy Shih Tzu","og_description":"Sucha karma Purina Proplan Optistart to karma przygotowana specjalnie dla szczeni\u0105t ps\u00f3w ma\u0142ych ras jak Shih Tzu \u017ceby zapewni\u0107 im optymalne po\u017cywienie.","og_url":"https:\/\/shihtzu.com.pl\/sklep\/produkt\/purina-optistart-dla-szczeniat-psow-malych-ras\/","og_site_name":"Sklep z artyku\u0142ami dla ps\u00f3w shihtzu.com.pl","article_publisher":"https:\/\/www.facebook.com\/Shihtzucompl\/","article_modified_time":"2023-12-17T15:31:16+00:00","og_image":[{"width":600,"height":600,"url":"https:\/\/shihtzu.com.pl\/sklep\/wp-content\/uploads\/2019\/02\/Purina-Optiderma-dla-szczeni\u0105t-ps\u00f3w-ma\u0142ych-ras.jpg","type":"image\/jpeg"}],"twitter_card":"summary_large_image","twitter_title":"Purina ProPlan Optistart dla szczeni\u0105t ps\u00f3w rasy Shih Tzu","twitter_description":"Sucha karma Purina Proplan Optistart to karma przygotowana specjalnie dla szczeni\u0105t ps\u00f3w ma\u0142ych ras jak Shih Tzu \u017ceby zapewni\u0107 im optymalne po\u017cywienie.","twitter_image":"https:\/\/shihtzu.com.pl\/sklep\/wp-content\/uploads\/2019\/02\/Purina-Optiderma-dla-szczeni\u0105t-ps\u00f3w-ma\u0142ych-ras.jpg","twitter_misc":{"Szacowany czas czytania":"2 minuty"},"schema":{"@context":"https:\/\/schema.org","@graph":[{"@type":"WebPage","@id":"https:\/\/shihtzu.com.pl\/sklep\/produkt\/purina-optistart-dla-szczeniat-psow-malych-ras\/","url":"https:\/\/shihtzu.com.pl\/sklep\/produkt\/purina-optistart-dla-szczeniat-psow-malych-ras\/","name":"Purina ProPlan Optistart dla szczeni\u0105t ps\u00f3w rasy Shih Tzu","isPartOf":{"@id":"https:\/\/shihtzu.com.pl\/sklep\/#website"},"datePublished":"2019-02-16T19:41:30+00:00","dateModified":"2023-12-17T15:31:16+00:00","description":"Sucha karma Purina Proplan Optistart to karma przygotowana specjalnie dla szczeni\u0105t ps\u00f3w ma\u0142ych ras jak Shih Tzu \u017ceby zapewni\u0107 im optymalne po\u017cywienie.","breadcrumb":{"@id":"https:\/\/shihtzu.com.pl\/sklep\/produkt\/purina-optistart-dla-szczeniat-psow-malych-ras\/#breadcrumb"},"inLanguage":"pl-PL","potentialAction":[{"@type":"ReadAction","target":["https:\/\/shihtzu.com.pl\/sklep\/produkt\/purina-optistart-dla-szczeniat-psow-malych-ras\/"]}]},{"@type":"BreadcrumbList","@id":"https:\/\/shihtzu.com.pl\/sklep\/produkt\/purina-optistart-dla-szczeniat-psow-malych-ras\/#breadcrumb","itemListElement":[{"@type":"ListItem","position":1,"name":"Sklep","item":"https:\/\/shihtzu.com.pl\/sklep\/"},{"@type":"ListItem","position":2,"name":"Sucha karma","item":"https:\/\/shihtzu.com.pl\/sklep\/.\/sucha-karma\/"},{"@type":"ListItem","position":3,"name":"Purina Optistart dla szczeni\u0105t ps\u00f3w ma\u0142ych ras"}]},{"@type":"WebSite","@id":"https:\/\/shihtzu.com.pl\/sklep\/#website","url":"https:\/\/shihtzu.com.pl\/sklep\/","name":"Sklep z artyku\u0142ami dla ps\u00f3w shihtzu.com.pl","description":"Sklep specjalistyczny z artyku\u0142ami pod ras\u0119 Shih tzu. Znajdziesz tu od szampon\u00f3w przeznaczonych dla Shih tzu, przez od\u017cywki a\u017c po zabawki.","publisher":{"@id":"https:\/\/shihtzu.com.pl\/sklep\/#organization"},"potentialAction":[{"@type":"SearchAction","target":{"@type":"EntryPoint","urlTemplate":"https:\/\/shihtzu.com.pl\/sklep\/?s={search_term_string}"},"query-input":"required name=search_term_string"}],"inLanguage":"pl-PL"},{"@type":"Organization","@id":"https:\/\/shihtzu.com.pl\/sklep\/#organization","name":"Sklep z artyku\u0142ami dla ps\u00f3w shihtzu.com.pl","url":"https:\/\/shihtzu.com.pl\/sklep\/","logo":{"@type":"ImageObject","inLanguage":"pl-PL","@id":"https:\/\/shihtzu.com.pl\/sklep\/#\/schema\/logo\/image\/","url":"https:\/\/shihtzu.com.pl\/sklep\/wp-content\/uploads\/2020\/10\/cropped-Sklep-dla-shih-tzu-Logo.png","contentUrl":"https:\/\/shihtzu.com.pl\/sklep\/wp-content\/uploads\/2020\/10\/cropped-Sklep-dla-shih-tzu-Logo.png","width":2077,"height":519,"caption":"Sklep z artyku\u0142ami dla ps\u00f3w shihtzu.com.pl"},"image":{"@id":"https:\/\/shihtzu.com.pl\/sklep\/#\/schema\/logo\/image\/"},"sameAs":["https:\/\/www.facebook.com\/Shihtzucompl\/","https:\/\/www.linkedin.com\/company\/shih-tzu-sklep\/"]}]}},"_links":{"self":[{"href":"https:\/\/shihtzu.com.pl\/sklep\/wp-json\/wp\/v2\/product\/65"}],"collection":[{"href":"https:\/\/shihtzu.com.pl\/sklep\/wp-json\/wp\/v2\/product"}],"about":[{"href":"https:\/\/shihtzu.com.pl\/sklep\/wp-json\/wp\/v2\/types\/product"}],"replies":[{"embeddable":true,"href":"https:\/\/shihtzu.com.pl\/sklep\/wp-json\/wp\/v2\/comments?post=65"}],"wp:featuredmedia":[{"embeddable":true,"href":"https:\/\/shihtzu.com.pl\/sklep\/wp-json\/wp\/v2\/media\/898"}],"wp:attachment":[{"href":"https:\/\/shihtzu.com.pl\/sklep\/wp-json\/wp\/v2\/media?parent=65"}],"wp:term":[{"taxonomy":"product_cat","embeddable":true,"href":"https:\/\/shihtzu.com.pl\/sklep\/wp-json\/wp\/v2\/product_cat?post=65"},{"taxonomy":"product_tag","embeddable":true,"href":"https:\/\/shihtzu.com.pl\/sklep\/wp-json\/wp\/v2\/product_tag?post=65"}],"curies":[{"name":"wp","href":"https:\/\/api.w.org\/{rel}","templated":true}]}}