{"id":508,"date":"2019-04-07T19:20:05","date_gmt":"2019-04-07T17:20:05","guid":{"rendered":"https:\/\/shihtzu.com.pl\/sklep\/?post_type=product&#038;p=508"},"modified":"2023-12-17T16:37:51","modified_gmt":"2023-12-17T15:37:51","slug":"taste-of-the-wild-appalachian-valley-small","status":"publish","type":"product","link":"https:\/\/shihtzu.com.pl\/sklep\/produkt\/taste-of-the-wild-appalachian-valley-small\/","title":{"rendered":"Taste of the Wild Appalachian Valley Small"},"content":{"rendered":"<p>Wysoko strawne bia\u0142ka dziczyzny i ma\u0142e wymiary krokiet\u00f3w czyni\u0105 t\u0105 formu\u0142\u0119 \u0142atwo przyswajaln\u0105 i dostosowan\u0105 dla ma\u0142ych ras ps\u00f3w. Po\u0142\u0105czenie dziczyzny, jagni\u0119ciny, jaj, kaczki i ryb morskich zapewnia optymalne sk\u0142adniki od\u017cywcze. Taka formu\u0142a gwarantuje energi\u0119 i wszystko inne, czego pies potrzebuje.<\/p>\n<p><strong>Sk\u0142ad:<\/strong><\/p>\n<p>jele\u0144, m\u0105czka z jagni\u0119ciny, ciecierzyca, groch, soczewica, bia\u0142ko grochu, olej rzepakowy, produkty z jaj, m\u0105czka z kaczki, m\u0105ka grochowa, wyt\u0142oki z pomidor\u00f3w, m\u0105czka z ryb oceanicznych, minera\u0142y, suszony korze\u0144 cykorii, pomidory, bor\u00f3wka ameryka\u0144ska, maliny, yucca schidigera (ekstrakt)<\/p>\n<p><strong>Analiza:<\/strong><\/p>\n<table cellspacing=\"3\" cellpadding=\"3\">\n<tbody>\n<tr>\n<td>bia\u0142ko<\/td>\n<td>32.0%<\/td>\n<\/tr>\n<tr>\n<td>t\u0142uszcz<\/td>\n<td>18.0%<\/td>\n<\/tr>\n<tr>\n<td>w\u0142\u00f3kno<\/td>\n<td>4.0%<\/td>\n<\/tr>\n<tr>\n<td>popi\u00f3\u0142<\/td>\n<td>6,9%<\/td>\n<\/tr>\n<tr>\n<td>wilgotno\u015b\u0107<\/td>\n<td>10.0%<\/td>\n<\/tr>\n<tr>\n<td>witamina A<\/td>\n<td>10.000 IU\/kg<\/td>\n<\/tr>\n<tr>\n<td>witamina D3<\/td>\n<td>750 IU\/kg<\/td>\n<\/tr>\n<tr>\n<td>witamina E<\/td>\n<td>150 IU\/kg<\/td>\n<\/tr>\n<tr>\n<td>Omega-6<\/td>\n<td>2.8%<\/td>\n<\/tr>\n<tr>\n<td>Omega-3<\/td>\n<td>0.3%<\/td>\n<\/tr>\n<\/tbody>\n<\/table>\n<p><strong>Dawkowanie<\/strong><\/p>\n<table cellspacing=\"3\" cellpadding=\"3\">\n<tbody>\n<tr>\n<td><strong>Waga<\/strong><\/td>\n<td><strong>Dzienna porcja<\/strong><\/td>\n<\/tr>\n<tr>\n<td>1 kg<\/td>\n<td>30 g<\/td>\n<\/tr>\n<tr>\n<td>2,25 kg<\/td>\n<td>55 g<\/td>\n<\/tr>\n<tr>\n<td>4,5 kg<\/td>\n<td>91 g<\/td>\n<\/tr>\n<tr>\n<td>9 kg<\/td>\n<td>154 g<\/td>\n<\/tr>\n<tr>\n<td>13,5 kg<\/td>\n<td>209 g<\/td>\n<\/tr>\n<tr>\n<td>18 kg<\/td>\n<td>259 g<\/td>\n<\/tr>\n<\/tbody>\n<\/table>\n","protected":false},"excerpt":{"rendered":"<p>Wysoko strawne bia\u0142ka dziczyzny i ma\u0142e wymiary krokiet\u00f3w czyni\u0105 t\u0105 formu\u0142\u0119 \u0142atwo przyswajaln\u0105 i dostosowan\u0105 dla ma\u0142ych ras ps\u00f3w. Po\u0142\u0105czenie dziczyzny, jagni\u0119ciny, jaj, kaczki i ryb morskich zapewnia optymalne sk\u0142adniki od\u017cywcze.<\/p>\n","protected":false},"featured_media":513,"comment_status":"open","ping_status":"closed","template":"","meta":[],"product_cat":[34],"product_tag":[],"yoast_head":"<!-- This site is optimized with the Yoast SEO plugin v22.0 - https:\/\/yoast.com\/wordpress\/plugins\/seo\/ -->\n<title>Taste of the Wild Appalachian Valley Small - Sklep z artyku\u0142ami dla ps\u00f3w shihtzu.com.pl<\/title>\n<meta name=\"robots\" content=\"index, follow, max-snippet:-1, max-image-preview:large, max-video-preview:-1\" \/>\n<link rel=\"canonical\" href=\"https:\/\/shihtzu.com.pl\/sklep\/produkt\/taste-of-the-wild-appalachian-valley-small\/\" \/>\n<meta property=\"og:locale\" content=\"pl_PL\" \/>\n<meta property=\"og:type\" content=\"article\" \/>\n<meta property=\"og:title\" content=\"Taste of the Wild Appalachian Valley Small - Sklep z artyku\u0142ami dla ps\u00f3w shihtzu.com.pl\" \/>\n<meta property=\"og:description\" content=\"Wysoko strawne bia\u0142ka dziczyzny i ma\u0142e wymiary krokiet\u00f3w czyni\u0105 t\u0105 formu\u0142\u0119 \u0142atwo przyswajaln\u0105 i dostosowan\u0105 dla ma\u0142ych ras ps\u00f3w. Po\u0142\u0105czenie dziczyzny, jagni\u0119ciny, jaj, kaczki i ryb morskich zapewnia optymalne sk\u0142adniki od\u017cywcze.\" \/>\n<meta property=\"og:url\" content=\"https:\/\/shihtzu.com.pl\/sklep\/produkt\/taste-of-the-wild-appalachian-valley-small\/\" \/>\n<meta property=\"og:site_name\" content=\"Sklep z artyku\u0142ami dla ps\u00f3w shihtzu.com.pl\" \/>\n<meta property=\"article:publisher\" content=\"https:\/\/www.facebook.com\/Shihtzucompl\/\" \/>\n<meta property=\"article:modified_time\" content=\"2023-12-17T15:37:51+00:00\" \/>\n<meta property=\"og:image\" content=\"https:\/\/shihtzu.com.pl\/sklep\/wp-content\/uploads\/2019\/04\/Taste-of-the-Wild-Appalachian-Valley-Small.jpg\" \/>\n\t<meta property=\"og:image:width\" content=\"550\" \/>\n\t<meta property=\"og:image:height\" content=\"550\" \/>\n\t<meta property=\"og:image:type\" content=\"image\/jpeg\" \/>\n<meta name=\"twitter:card\" content=\"summary_large_image\" \/>\n<meta name=\"twitter:label1\" content=\"Szacowany czas czytania\" \/>\n\t<meta name=\"twitter:data1\" content=\"1 minuta\" \/>\n<script type=\"application\/ld+json\" class=\"yoast-schema-graph\">{\"@context\":\"https:\/\/schema.org\",\"@graph\":[{\"@type\":\"WebPage\",\"@id\":\"https:\/\/shihtzu.com.pl\/sklep\/produkt\/taste-of-the-wild-appalachian-valley-small\/\",\"url\":\"https:\/\/shihtzu.com.pl\/sklep\/produkt\/taste-of-the-wild-appalachian-valley-small\/\",\"name\":\"Taste of the Wild Appalachian Valley Small - Sklep z artyku\u0142ami dla ps\u00f3w shihtzu.com.pl\",\"isPartOf\":{\"@id\":\"https:\/\/shihtzu.com.pl\/sklep\/#website\"},\"datePublished\":\"2019-04-07T17:20:05+00:00\",\"dateModified\":\"2023-12-17T15:37:51+00:00\",\"breadcrumb\":{\"@id\":\"https:\/\/shihtzu.com.pl\/sklep\/produkt\/taste-of-the-wild-appalachian-valley-small\/#breadcrumb\"},\"inLanguage\":\"pl-PL\",\"potentialAction\":[{\"@type\":\"ReadAction\",\"target\":[\"https:\/\/shihtzu.com.pl\/sklep\/produkt\/taste-of-the-wild-appalachian-valley-small\/\"]}]},{\"@type\":\"BreadcrumbList\",\"@id\":\"https:\/\/shihtzu.com.pl\/sklep\/produkt\/taste-of-the-wild-appalachian-valley-small\/#breadcrumb\",\"itemListElement\":[{\"@type\":\"ListItem\",\"position\":1,\"name\":\"Sklep\",\"item\":\"https:\/\/shihtzu.com.pl\/sklep\/\"},{\"@type\":\"ListItem\",\"position\":2,\"name\":\"Sucha karma\",\"item\":\"https:\/\/shihtzu.com.pl\/sklep\/.\/sucha-karma\/\"},{\"@type\":\"ListItem\",\"position\":3,\"name\":\"Taste of the Wild Appalachian Valley Small\"}]},{\"@type\":\"WebSite\",\"@id\":\"https:\/\/shihtzu.com.pl\/sklep\/#website\",\"url\":\"https:\/\/shihtzu.com.pl\/sklep\/\",\"name\":\"Sklep z artyku\u0142ami dla ps\u00f3w shihtzu.com.pl\",\"description\":\"Sklep specjalistyczny z artyku\u0142ami pod ras\u0119 Shih tzu. Znajdziesz tu od szampon\u00f3w przeznaczonych dla Shih tzu, przez od\u017cywki a\u017c po zabawki.\",\"publisher\":{\"@id\":\"https:\/\/shihtzu.com.pl\/sklep\/#organization\"},\"potentialAction\":[{\"@type\":\"SearchAction\",\"target\":{\"@type\":\"EntryPoint\",\"urlTemplate\":\"https:\/\/shihtzu.com.pl\/sklep\/?s={search_term_string}\"},\"query-input\":\"required name=search_term_string\"}],\"inLanguage\":\"pl-PL\"},{\"@type\":\"Organization\",\"@id\":\"https:\/\/shihtzu.com.pl\/sklep\/#organization\",\"name\":\"Sklep z artyku\u0142ami dla ps\u00f3w shihtzu.com.pl\",\"url\":\"https:\/\/shihtzu.com.pl\/sklep\/\",\"logo\":{\"@type\":\"ImageObject\",\"inLanguage\":\"pl-PL\",\"@id\":\"https:\/\/shihtzu.com.pl\/sklep\/#\/schema\/logo\/image\/\",\"url\":\"https:\/\/shihtzu.com.pl\/sklep\/wp-content\/uploads\/2020\/10\/cropped-Sklep-dla-shih-tzu-Logo.png\",\"contentUrl\":\"https:\/\/shihtzu.com.pl\/sklep\/wp-content\/uploads\/2020\/10\/cropped-Sklep-dla-shih-tzu-Logo.png\",\"width\":2077,\"height\":519,\"caption\":\"Sklep z artyku\u0142ami dla ps\u00f3w shihtzu.com.pl\"},\"image\":{\"@id\":\"https:\/\/shihtzu.com.pl\/sklep\/#\/schema\/logo\/image\/\"},\"sameAs\":[\"https:\/\/www.facebook.com\/Shihtzucompl\/\",\"https:\/\/www.linkedin.com\/company\/shih-tzu-sklep\/\"]}]}<\/script>\n<!-- \/ Yoast SEO plugin. -->","yoast_head_json":{"title":"Taste of the Wild Appalachian Valley Small - Sklep z artyku\u0142ami dla ps\u00f3w shihtzu.com.pl","robots":{"index":"index","follow":"follow","max-snippet":"max-snippet:-1","max-image-preview":"max-image-preview:large","max-video-preview":"max-video-preview:-1"},"canonical":"https:\/\/shihtzu.com.pl\/sklep\/produkt\/taste-of-the-wild-appalachian-valley-small\/","og_locale":"pl_PL","og_type":"article","og_title":"Taste of the Wild Appalachian Valley Small - Sklep z artyku\u0142ami dla ps\u00f3w shihtzu.com.pl","og_description":"Wysoko strawne bia\u0142ka dziczyzny i ma\u0142e wymiary krokiet\u00f3w czyni\u0105 t\u0105 formu\u0142\u0119 \u0142atwo przyswajaln\u0105 i dostosowan\u0105 dla ma\u0142ych ras ps\u00f3w. Po\u0142\u0105czenie dziczyzny, jagni\u0119ciny, jaj, kaczki i ryb morskich zapewnia optymalne sk\u0142adniki od\u017cywcze.","og_url":"https:\/\/shihtzu.com.pl\/sklep\/produkt\/taste-of-the-wild-appalachian-valley-small\/","og_site_name":"Sklep z artyku\u0142ami dla ps\u00f3w shihtzu.com.pl","article_publisher":"https:\/\/www.facebook.com\/Shihtzucompl\/","article_modified_time":"2023-12-17T15:37:51+00:00","og_image":[{"width":550,"height":550,"url":"https:\/\/shihtzu.com.pl\/sklep\/wp-content\/uploads\/2019\/04\/Taste-of-the-Wild-Appalachian-Valley-Small.jpg","type":"image\/jpeg"}],"twitter_card":"summary_large_image","twitter_misc":{"Szacowany czas czytania":"1 minuta"},"schema":{"@context":"https:\/\/schema.org","@graph":[{"@type":"WebPage","@id":"https:\/\/shihtzu.com.pl\/sklep\/produkt\/taste-of-the-wild-appalachian-valley-small\/","url":"https:\/\/shihtzu.com.pl\/sklep\/produkt\/taste-of-the-wild-appalachian-valley-small\/","name":"Taste of the Wild Appalachian Valley Small - Sklep z artyku\u0142ami dla ps\u00f3w shihtzu.com.pl","isPartOf":{"@id":"https:\/\/shihtzu.com.pl\/sklep\/#website"},"datePublished":"2019-04-07T17:20:05+00:00","dateModified":"2023-12-17T15:37:51+00:00","breadcrumb":{"@id":"https:\/\/shihtzu.com.pl\/sklep\/produkt\/taste-of-the-wild-appalachian-valley-small\/#breadcrumb"},"inLanguage":"pl-PL","potentialAction":[{"@type":"ReadAction","target":["https:\/\/shihtzu.com.pl\/sklep\/produkt\/taste-of-the-wild-appalachian-valley-small\/"]}]},{"@type":"BreadcrumbList","@id":"https:\/\/shihtzu.com.pl\/sklep\/produkt\/taste-of-the-wild-appalachian-valley-small\/#breadcrumb","itemListElement":[{"@type":"ListItem","position":1,"name":"Sklep","item":"https:\/\/shihtzu.com.pl\/sklep\/"},{"@type":"ListItem","position":2,"name":"Sucha karma","item":"https:\/\/shihtzu.com.pl\/sklep\/.\/sucha-karma\/"},{"@type":"ListItem","position":3,"name":"Taste of the Wild Appalachian Valley Small"}]},{"@type":"WebSite","@id":"https:\/\/shihtzu.com.pl\/sklep\/#website","url":"https:\/\/shihtzu.com.pl\/sklep\/","name":"Sklep z artyku\u0142ami dla ps\u00f3w shihtzu.com.pl","description":"Sklep specjalistyczny z artyku\u0142ami pod ras\u0119 Shih tzu. Znajdziesz tu od szampon\u00f3w przeznaczonych dla Shih tzu, przez od\u017cywki a\u017c po zabawki.","publisher":{"@id":"https:\/\/shihtzu.com.pl\/sklep\/#organization"},"potentialAction":[{"@type":"SearchAction","target":{"@type":"EntryPoint","urlTemplate":"https:\/\/shihtzu.com.pl\/sklep\/?s={search_term_string}"},"query-input":"required name=search_term_string"}],"inLanguage":"pl-PL"},{"@type":"Organization","@id":"https:\/\/shihtzu.com.pl\/sklep\/#organization","name":"Sklep z artyku\u0142ami dla ps\u00f3w shihtzu.com.pl","url":"https:\/\/shihtzu.com.pl\/sklep\/","logo":{"@type":"ImageObject","inLanguage":"pl-PL","@id":"https:\/\/shihtzu.com.pl\/sklep\/#\/schema\/logo\/image\/","url":"https:\/\/shihtzu.com.pl\/sklep\/wp-content\/uploads\/2020\/10\/cropped-Sklep-dla-shih-tzu-Logo.png","contentUrl":"https:\/\/shihtzu.com.pl\/sklep\/wp-content\/uploads\/2020\/10\/cropped-Sklep-dla-shih-tzu-Logo.png","width":2077,"height":519,"caption":"Sklep z artyku\u0142ami dla ps\u00f3w shihtzu.com.pl"},"image":{"@id":"https:\/\/shihtzu.com.pl\/sklep\/#\/schema\/logo\/image\/"},"sameAs":["https:\/\/www.facebook.com\/Shihtzucompl\/","https:\/\/www.linkedin.com\/company\/shih-tzu-sklep\/"]}]}},"_links":{"self":[{"href":"https:\/\/shihtzu.com.pl\/sklep\/wp-json\/wp\/v2\/product\/508"}],"collection":[{"href":"https:\/\/shihtzu.com.pl\/sklep\/wp-json\/wp\/v2\/product"}],"about":[{"href":"https:\/\/shihtzu.com.pl\/sklep\/wp-json\/wp\/v2\/types\/product"}],"replies":[{"embeddable":true,"href":"https:\/\/shihtzu.com.pl\/sklep\/wp-json\/wp\/v2\/comments?post=508"}],"wp:featuredmedia":[{"embeddable":true,"href":"https:\/\/shihtzu.com.pl\/sklep\/wp-json\/wp\/v2\/media\/513"}],"wp:attachment":[{"href":"https:\/\/shihtzu.com.pl\/sklep\/wp-json\/wp\/v2\/media?parent=508"}],"wp:term":[{"taxonomy":"product_cat","embeddable":true,"href":"https:\/\/shihtzu.com.pl\/sklep\/wp-json\/wp\/v2\/product_cat?post=508"},{"taxonomy":"product_tag","embeddable":true,"href":"https:\/\/shihtzu.com.pl\/sklep\/wp-json\/wp\/v2\/product_tag?post=508"}],"curies":[{"name":"wp","href":"https:\/\/api.w.org\/{rel}","templated":true}]}}