{"id":670,"date":"2020-01-07T01:09:22","date_gmt":"2020-01-07T00:09:22","guid":{"rendered":"https:\/\/shihtzu.com.pl\/sklep\/?page_id=670"},"modified":"2020-01-07T01:09:23","modified_gmt":"2020-01-07T00:09:23","slug":"legowisko-dla-shih-tzu","status":"publish","type":"page","link":"https:\/\/shihtzu.com.pl\/sklep\/legowisko-dla-shih-tzu\/","title":{"rendered":"Legowisko dla shih tzu"},"content":{"rendered":"<section class=\"fw-main-row \"  >\n\t<div class=\"fw-container\">\n\t\t<div class=\"fw-row\">\n\t<div class=\"fw-col-xs-12\">\n\t<p><div class=\"woocommerce columns-4 \"><ul class=\"products columns-4\">\n<li class=\"product type-product post-684 status-publish first instock product_cat-legowisko-dla-shih-tzu has-post-thumbnail taxable shipping-taxable product-type-external\">\n\t<a href=\"https:\/\/shihtzu.com.pl\/sklep\/produkt\/legowisko-okragle-bezowe\/\" class=\"woocommerce-LoopProduct-link woocommerce-loop-product__link\"><img decoding=\"async\" width=\"300\" height=\"300\" src=\"https:\/\/shihtzu.com.pl\/sklep\/wp-content\/uploads\/2020\/01\/legowisko-dla-shih-tzu-bezowe1-300x300.jpg\" class=\"attachment-woocommerce_thumbnail size-woocommerce_thumbnail\" alt=\"\" srcset=\"https:\/\/shihtzu.com.pl\/sklep\/wp-content\/uploads\/2020\/01\/legowisko-dla-shih-tzu-bezowe1-300x300.jpg 300w, https:\/\/shihtzu.com.pl\/sklep\/wp-content\/uploads\/2020\/01\/legowisko-dla-shih-tzu-bezowe1-150x150.jpg 150w, https:\/\/shihtzu.com.pl\/sklep\/wp-content\/uploads\/2020\/01\/legowisko-dla-shih-tzu-bezowe1-400x400.jpg 400w, https:\/\/shihtzu.com.pl\/sklep\/wp-content\/uploads\/2020\/01\/legowisko-dla-shih-tzu-bezowe1-100x100.jpg 100w\" sizes=\"(max-width: 300px) 100vw, 300px\" \/><h2 class=\"woocommerce-loop-product__title\">legowisko okr\u0105g\u0142e be\u017cowe<\/h2>\n\t<span class=\"price\"><span class=\"woocommerce-Price-amount amount\"><bdi>90,00&nbsp;<span class=\"woocommerce-Price-currencySymbol\">&#122;&#322;<\/span><\/bdi><\/span><\/span>\n<\/a><a href=\"https:\/\/allegro.pl\/oferta\/legowisko-dla-psa-malego-10545404541\" data-quantity=\"1\" class=\"button product_type_external\" data-product_id=\"684\" data-product_sku=\"\" aria-label=\"Sprawd\u017a gdzie najtaniej\" aria-describedby=\"\" rel=\"nofollow\">Sprawd\u017a gdzie najtaniej<\/a><\/li>\n<li class=\"product type-product post-697 status-publish instock product_cat-legowisko-dla-shih-tzu has-post-thumbnail sale taxable shipping-taxable product-type-external\">\n\t<a href=\"https:\/\/shihtzu.com.pl\/sklep\/produkt\/legowisko-prostokatne-brazowe\/\" class=\"woocommerce-LoopProduct-link woocommerce-loop-product__link\">\n\t<span class=\"onsale\">Promocja!<\/span>\n\t<img decoding=\"async\" width=\"300\" height=\"300\" src=\"https:\/\/shihtzu.com.pl\/sklep\/wp-content\/uploads\/2020\/01\/legowisko-dla-shih-tzu-brazowe-prostokar2-300x300.jpg\" class=\"attachment-woocommerce_thumbnail size-woocommerce_thumbnail\" alt=\"\" srcset=\"https:\/\/shihtzu.com.pl\/sklep\/wp-content\/uploads\/2020\/01\/legowisko-dla-shih-tzu-brazowe-prostokar2-300x300.jpg 300w, https:\/\/shihtzu.com.pl\/sklep\/wp-content\/uploads\/2020\/01\/legowisko-dla-shih-tzu-brazowe-prostokar2-150x150.jpg 150w, https:\/\/shihtzu.com.pl\/sklep\/wp-content\/uploads\/2020\/01\/legowisko-dla-shih-tzu-brazowe-prostokar2-400x400.jpg 400w, https:\/\/shihtzu.com.pl\/sklep\/wp-content\/uploads\/2020\/01\/legowisko-dla-shih-tzu-brazowe-prostokar2-100x100.jpg 100w\" sizes=\"(max-width: 300px) 100vw, 300px\" \/><h2 class=\"woocommerce-loop-product__title\">Legowisko prostok\u0105tne br\u0105zowe<\/h2>\n\t<span class=\"price\"><del aria-hidden=\"true\"><span class=\"woocommerce-Price-amount amount\"><bdi>130,00&nbsp;<span class=\"woocommerce-Price-currencySymbol\">&#122;&#322;<\/span><\/bdi><\/span><\/del> <ins><span class=\"woocommerce-Price-amount amount\"><bdi>110,00&nbsp;<span class=\"woocommerce-Price-currencySymbol\">&#122;&#322;<\/span><\/bdi><\/span><\/ins><\/span>\n<\/a><a href=\"https:\/\/allegro.pl\/oferta\/legowisko-dla-psa-malego-10545381249\" data-quantity=\"1\" class=\"button product_type_external\" data-product_id=\"697\" data-product_sku=\"100\" aria-label=\"Sprawd\u017a gdzie najtaniej\" aria-describedby=\"\" rel=\"nofollow\">Sprawd\u017a gdzie najtaniej<\/a><\/li>\n<\/ul>\n<\/div><\/p><\/div>\n<\/div>\n\n\t<\/div>\n<\/section>\n\n","protected":false},"excerpt":{"rendered":"<p>legowisko okr\u0105g\u0142e be\u017cowe 90,00&nbsp;&#122;&#322; Sprawd\u017a gdzie najtaniej Promocja! Legowisko prostok\u0105tne br\u0105zowe 130,00&nbsp;&#122;&#322; 110,00&nbsp;&#122;&#322; Sprawd\u017a gdzie najtaniej<\/p>\n","protected":false},"author":1,"featured_media":0,"parent":0,"menu_order":0,"comment_status":"closed","ping_status":"closed","template":"","meta":{"footnotes":""},"yoast_head":"<!-- This site is optimized with the Yoast SEO plugin v22.0 - https:\/\/yoast.com\/wordpress\/plugins\/seo\/ -->\n<title>Legowisko dla shih tzu - Sklep z artyku\u0142ami dla ps\u00f3w shihtzu.com.pl<\/title>\n<meta name=\"robots\" content=\"index, follow, max-snippet:-1, max-image-preview:large, max-video-preview:-1\" \/>\n<link rel=\"canonical\" href=\"https:\/\/shihtzu.com.pl\/sklep\/legowisko-dla-shih-tzu\/\" \/>\n<meta property=\"og:locale\" content=\"pl_PL\" \/>\n<meta property=\"og:type\" content=\"article\" \/>\n<meta property=\"og:title\" content=\"Legowisko dla shih tzu - Sklep z artyku\u0142ami dla ps\u00f3w shihtzu.com.pl\" \/>\n<meta property=\"og:description\" content=\"legowisko okr\u0105g\u0142e be\u017cowe 90,00&nbsp;&#122;&#322; Sprawd\u017a gdzie najtaniej Promocja! Legowisko prostok\u0105tne br\u0105zowe 130,00&nbsp;&#122;&#322; 110,00&nbsp;&#122;&#322; Sprawd\u017a gdzie najtaniej\" \/>\n<meta property=\"og:url\" content=\"https:\/\/shihtzu.com.pl\/sklep\/legowisko-dla-shih-tzu\/\" \/>\n<meta property=\"og:site_name\" content=\"Sklep z artyku\u0142ami dla ps\u00f3w shihtzu.com.pl\" \/>\n<meta property=\"article:publisher\" content=\"https:\/\/www.facebook.com\/Shihtzucompl\/\" \/>\n<meta property=\"article:modified_time\" content=\"2020-01-07T00:09:23+00:00\" \/>\n<meta property=\"og:image\" content=\"https:\/\/shihtzu.com.pl\/sklep\/wp-content\/uploads\/2020\/10\/Shih-tzu.png\" \/>\n\t<meta property=\"og:image:width\" content=\"864\" \/>\n\t<meta property=\"og:image:height\" content=\"864\" \/>\n\t<meta property=\"og:image:type\" content=\"image\/png\" \/>\n<meta name=\"twitter:card\" content=\"summary_large_image\" \/>\n<script type=\"application\/ld+json\" class=\"yoast-schema-graph\">{\"@context\":\"https:\/\/schema.org\",\"@graph\":[{\"@type\":\"WebPage\",\"@id\":\"https:\/\/shihtzu.com.pl\/sklep\/legowisko-dla-shih-tzu\/\",\"url\":\"https:\/\/shihtzu.com.pl\/sklep\/legowisko-dla-shih-tzu\/\",\"name\":\"Legowisko dla shih tzu - Sklep z artyku\u0142ami dla ps\u00f3w shihtzu.com.pl\",\"isPartOf\":{\"@id\":\"https:\/\/shihtzu.com.pl\/sklep\/#website\"},\"datePublished\":\"2020-01-07T00:09:22+00:00\",\"dateModified\":\"2020-01-07T00:09:23+00:00\",\"inLanguage\":\"pl-PL\",\"potentialAction\":[{\"@type\":\"ReadAction\",\"target\":[\"https:\/\/shihtzu.com.pl\/sklep\/legowisko-dla-shih-tzu\/\"]}]},{\"@type\":\"WebSite\",\"@id\":\"https:\/\/shihtzu.com.pl\/sklep\/#website\",\"url\":\"https:\/\/shihtzu.com.pl\/sklep\/\",\"name\":\"Sklep z artyku\u0142ami dla ps\u00f3w shihtzu.com.pl\",\"description\":\"Sklep specjalistyczny z artyku\u0142ami pod ras\u0119 Shih tzu. Znajdziesz tu od szampon\u00f3w przeznaczonych dla Shih tzu, przez od\u017cywki a\u017c po zabawki.\",\"publisher\":{\"@id\":\"https:\/\/shihtzu.com.pl\/sklep\/#organization\"},\"potentialAction\":[{\"@type\":\"SearchAction\",\"target\":{\"@type\":\"EntryPoint\",\"urlTemplate\":\"https:\/\/shihtzu.com.pl\/sklep\/?s={search_term_string}\"},\"query-input\":\"required name=search_term_string\"}],\"inLanguage\":\"pl-PL\"},{\"@type\":\"Organization\",\"@id\":\"https:\/\/shihtzu.com.pl\/sklep\/#organization\",\"name\":\"Sklep z artyku\u0142ami dla ps\u00f3w shihtzu.com.pl\",\"url\":\"https:\/\/shihtzu.com.pl\/sklep\/\",\"logo\":{\"@type\":\"ImageObject\",\"inLanguage\":\"pl-PL\",\"@id\":\"https:\/\/shihtzu.com.pl\/sklep\/#\/schema\/logo\/image\/\",\"url\":\"https:\/\/shihtzu.com.pl\/sklep\/wp-content\/uploads\/2020\/10\/cropped-Sklep-dla-shih-tzu-Logo.png\",\"contentUrl\":\"https:\/\/shihtzu.com.pl\/sklep\/wp-content\/uploads\/2020\/10\/cropped-Sklep-dla-shih-tzu-Logo.png\",\"width\":2077,\"height\":519,\"caption\":\"Sklep z artyku\u0142ami dla ps\u00f3w shihtzu.com.pl\"},\"image\":{\"@id\":\"https:\/\/shihtzu.com.pl\/sklep\/#\/schema\/logo\/image\/\"},\"sameAs\":[\"https:\/\/www.facebook.com\/Shihtzucompl\/\",\"https:\/\/www.linkedin.com\/company\/shih-tzu-sklep\/\"]}]}<\/script>\n<!-- \/ Yoast SEO plugin. -->","yoast_head_json":{"title":"Legowisko dla shih tzu - Sklep z artyku\u0142ami dla ps\u00f3w shihtzu.com.pl","robots":{"index":"index","follow":"follow","max-snippet":"max-snippet:-1","max-image-preview":"max-image-preview:large","max-video-preview":"max-video-preview:-1"},"canonical":"https:\/\/shihtzu.com.pl\/sklep\/legowisko-dla-shih-tzu\/","og_locale":"pl_PL","og_type":"article","og_title":"Legowisko dla shih tzu - Sklep z artyku\u0142ami dla ps\u00f3w shihtzu.com.pl","og_description":"legowisko okr\u0105g\u0142e be\u017cowe 90,00&nbsp;&#122;&#322; Sprawd\u017a gdzie najtaniej Promocja! Legowisko prostok\u0105tne br\u0105zowe 130,00&nbsp;&#122;&#322; 110,00&nbsp;&#122;&#322; Sprawd\u017a gdzie najtaniej","og_url":"https:\/\/shihtzu.com.pl\/sklep\/legowisko-dla-shih-tzu\/","og_site_name":"Sklep z artyku\u0142ami dla ps\u00f3w shihtzu.com.pl","article_publisher":"https:\/\/www.facebook.com\/Shihtzucompl\/","article_modified_time":"2020-01-07T00:09:23+00:00","og_image":[{"width":864,"height":864,"url":"https:\/\/shihtzu.com.pl\/sklep\/wp-content\/uploads\/2020\/10\/Shih-tzu.png","type":"image\/png"}],"twitter_card":"summary_large_image","schema":{"@context":"https:\/\/schema.org","@graph":[{"@type":"WebPage","@id":"https:\/\/shihtzu.com.pl\/sklep\/legowisko-dla-shih-tzu\/","url":"https:\/\/shihtzu.com.pl\/sklep\/legowisko-dla-shih-tzu\/","name":"Legowisko dla shih tzu - Sklep z artyku\u0142ami dla ps\u00f3w shihtzu.com.pl","isPartOf":{"@id":"https:\/\/shihtzu.com.pl\/sklep\/#website"},"datePublished":"2020-01-07T00:09:22+00:00","dateModified":"2020-01-07T00:09:23+00:00","inLanguage":"pl-PL","potentialAction":[{"@type":"ReadAction","target":["https:\/\/shihtzu.com.pl\/sklep\/legowisko-dla-shih-tzu\/"]}]},{"@type":"WebSite","@id":"https:\/\/shihtzu.com.pl\/sklep\/#website","url":"https:\/\/shihtzu.com.pl\/sklep\/","name":"Sklep z artyku\u0142ami dla ps\u00f3w shihtzu.com.pl","description":"Sklep specjalistyczny z artyku\u0142ami pod ras\u0119 Shih tzu. Znajdziesz tu od szampon\u00f3w przeznaczonych dla Shih tzu, przez od\u017cywki a\u017c po zabawki.","publisher":{"@id":"https:\/\/shihtzu.com.pl\/sklep\/#organization"},"potentialAction":[{"@type":"SearchAction","target":{"@type":"EntryPoint","urlTemplate":"https:\/\/shihtzu.com.pl\/sklep\/?s={search_term_string}"},"query-input":"required name=search_term_string"}],"inLanguage":"pl-PL"},{"@type":"Organization","@id":"https:\/\/shihtzu.com.pl\/sklep\/#organization","name":"Sklep z artyku\u0142ami dla ps\u00f3w shihtzu.com.pl","url":"https:\/\/shihtzu.com.pl\/sklep\/","logo":{"@type":"ImageObject","inLanguage":"pl-PL","@id":"https:\/\/shihtzu.com.pl\/sklep\/#\/schema\/logo\/image\/","url":"https:\/\/shihtzu.com.pl\/sklep\/wp-content\/uploads\/2020\/10\/cropped-Sklep-dla-shih-tzu-Logo.png","contentUrl":"https:\/\/shihtzu.com.pl\/sklep\/wp-content\/uploads\/2020\/10\/cropped-Sklep-dla-shih-tzu-Logo.png","width":2077,"height":519,"caption":"Sklep z artyku\u0142ami dla ps\u00f3w shihtzu.com.pl"},"image":{"@id":"https:\/\/shihtzu.com.pl\/sklep\/#\/schema\/logo\/image\/"},"sameAs":["https:\/\/www.facebook.com\/Shihtzucompl\/","https:\/\/www.linkedin.com\/company\/shih-tzu-sklep\/"]}]}},"_links":{"self":[{"href":"https:\/\/shihtzu.com.pl\/sklep\/wp-json\/wp\/v2\/pages\/670"}],"collection":[{"href":"https:\/\/shihtzu.com.pl\/sklep\/wp-json\/wp\/v2\/pages"}],"about":[{"href":"https:\/\/shihtzu.com.pl\/sklep\/wp-json\/wp\/v2\/types\/page"}],"author":[{"embeddable":true,"href":"https:\/\/shihtzu.com.pl\/sklep\/wp-json\/wp\/v2\/users\/1"}],"replies":[{"embeddable":true,"href":"https:\/\/shihtzu.com.pl\/sklep\/wp-json\/wp\/v2\/comments?post=670"}],"version-history":[{"count":0,"href":"https:\/\/shihtzu.com.pl\/sklep\/wp-json\/wp\/v2\/pages\/670\/revisions"}],"wp:attachment":[{"href":"https:\/\/shihtzu.com.pl\/sklep\/wp-json\/wp\/v2\/media?parent=670"}],"curies":[{"name":"wp","href":"https:\/\/api.w.org\/{rel}","templated":true}]}}