{"id":206,"date":"2019-02-22T20:31:41","date_gmt":"2019-02-22T19:31:41","guid":{"rendered":"https:\/\/shihtzu.com.pl\/sklep\/?page_id=206"},"modified":"2023-11-29T01:35:20","modified_gmt":"2023-11-29T00:35:20","slug":"zabawki","status":"publish","type":"page","link":"https:\/\/shihtzu.com.pl\/sklep\/zabawki\/","title":{"rendered":"Zabawki dla Shih Tzu"},"content":{"rendered":"<p>Czas zabawy to nieod\u0142\u0105czny element \u017cycia z psem, czy nasz podopieczny jest ma\u0142y czy du\u017cy zawsze ch\u0119tnie bawi si\u0119 z w\u0142a\u015bcicielem. Mamy w ofercie ca\u0142y wachlarz zabawek dla Shih Tzu kt\u00f3re urozmaic\u0105 wsp\u00f3lnie sp\u0119dzane na grach chwile. Oczywi\u015bcie pierwsz\u0105 i najbardziej uniwersaln\u0105 zabawk\u0105 kt\u00f3r\u0105 kochaj\u0105 psy s\u0105 pi\u0142eczki, bo kt\u00f3ry Shih Tzu pogardzi\u0142by gonieniem za czym\u015b co si\u0119 toczy i odbija od mebli? Aktualnie projektowane przez producent\u00f3w pi\u0142eczki id\u0105 jeszcze krok dalej. Mog\u0105 spe\u0142nia\u0107 tak\u017ce role czyszcz\u0105c\u0105 z\u0119by przez zabaw\u0119 np. Pi\u0142ka <a href=\"https:\/\/shihtzu.com.pl\/sklep\/produkt\/trixie-dentafun-pilka-zapachowa-mieta-5cm\/\">Trixie Dentafun<\/a>, czy te z ukrytymi przysmakami wymagaj\u0105ce od psa kreatywno\u015bci.<\/p>\n<div class=\"woocommerce columns-4 \"><ul class=\"products columns-4\">\n<li class=\"product type-product post-471 status-publish first instock product_cat-zabawki has-post-thumbnail taxable shipping-taxable product-type-external\">\n\t<a href=\"https:\/\/shihtzu.com.pl\/sklep\/produkt\/sznur-bawelniany\/\" class=\"woocommerce-LoopProduct-link woocommerce-loop-product__link\"><img decoding=\"async\" width=\"300\" height=\"300\" src=\"https:\/\/shihtzu.com.pl\/sklep\/wp-content\/uploads\/2019\/04\/sznurek-bawelniany-szarpaczka-dla-psa-20-cm-300x300.jpg\" class=\"attachment-woocommerce_thumbnail size-woocommerce_thumbnail\" alt=\"sznurek bawe\u0142niany szarpaczka dla psa 20 cm\" srcset=\"https:\/\/shihtzu.com.pl\/sklep\/wp-content\/uploads\/2019\/04\/sznurek-bawelniany-szarpaczka-dla-psa-20-cm-300x300.jpg 300w, https:\/\/shihtzu.com.pl\/sklep\/wp-content\/uploads\/2019\/04\/sznurek-bawelniany-szarpaczka-dla-psa-20-cm-150x150.jpg 150w, https:\/\/shihtzu.com.pl\/sklep\/wp-content\/uploads\/2019\/04\/sznurek-bawelniany-szarpaczka-dla-psa-20-cm-400x400.jpg 400w, https:\/\/shihtzu.com.pl\/sklep\/wp-content\/uploads\/2019\/04\/sznurek-bawelniany-szarpaczka-dla-psa-20-cm-100x100.jpg 100w\" sizes=\"(max-width: 300px) 100vw, 300px\" \/><h2 class=\"woocommerce-loop-product__title\">Sznur bawe\u0142niany Trixie<\/h2>\n\t<span class=\"price\"><span class=\"woocommerce-Price-amount amount\"><bdi>5,98&nbsp;<span class=\"woocommerce-Price-currencySymbol\">&#122;&#322;<\/span><\/bdi><\/span><\/span>\n<\/a><a href=\"https:\/\/clk.tradedoubler.com\/click?p=320969&#038;a=3337772&#038;url=https%3A%2F%2Fwww.krakvet.pl%2Fproduct-pol-8904-TRIXIE-Gryzak-kolorowy-dla-psa-26-cm.html\" data-quantity=\"1\" class=\"button product_type_external\" data-product_id=\"471\" data-product_sku=\"\" aria-label=\"Sprawd\u017a najlepsze ceny\" aria-describedby=\"\" rel=\"nofollow\">Sprawd\u017a najlepsze ceny<\/a><\/li>\n<li class=\"product type-product post-72 status-publish instock product_cat-zabawki has-post-thumbnail taxable shipping-taxable product-type-external\">\n\t<a href=\"https:\/\/shihtzu.com.pl\/sklep\/produkt\/trixie-dentafun-pilka-zapachowa-mieta-5cm\/\" class=\"woocommerce-LoopProduct-link woocommerce-loop-product__link\"><img decoding=\"async\" width=\"300\" height=\"300\" src=\"https:\/\/shihtzu.com.pl\/sklep\/wp-content\/uploads\/2019\/02\/pilka-dla-psa-trixie-dentafun-5cm-300x300.jpg\" class=\"attachment-woocommerce_thumbnail size-woocommerce_thumbnail\" alt=\"pilka dla psa trixie dentafun 5cm\" srcset=\"https:\/\/shihtzu.com.pl\/sklep\/wp-content\/uploads\/2019\/02\/pilka-dla-psa-trixie-dentafun-5cm-300x300.jpg 300w, https:\/\/shihtzu.com.pl\/sklep\/wp-content\/uploads\/2019\/02\/pilka-dla-psa-trixie-dentafun-5cm-150x150.jpg 150w, https:\/\/shihtzu.com.pl\/sklep\/wp-content\/uploads\/2019\/02\/pilka-dla-psa-trixie-dentafun-5cm-400x400.jpg 400w, https:\/\/shihtzu.com.pl\/sklep\/wp-content\/uploads\/2019\/02\/pilka-dla-psa-trixie-dentafun-5cm-100x100.jpg 100w, https:\/\/shihtzu.com.pl\/sklep\/wp-content\/uploads\/2019\/02\/pilka-dla-psa-trixie-dentafun-5cm.jpg 553w\" sizes=\"(max-width: 300px) 100vw, 300px\" \/><h2 class=\"woocommerce-loop-product__title\">TRIXIE Dentafun &#8211; Pi\u0142ka zapachowa mi\u0119ta 6cm<\/h2>\n\t<span class=\"price\"><span class=\"woocommerce-Price-amount amount\"><bdi>12,13&nbsp;<span class=\"woocommerce-Price-currencySymbol\">&#122;&#322;<\/span><\/bdi><\/span><\/span>\n<\/a><a href=\"https:\/\/clk.tradedoubler.com\/click?p=320969&#038;a=3337772&#038;url=https%3A%2F%2Fwww.krakvet.pl%2Fproduct-pol-32740-TRIXIE-Dentafun-pilka-dla-psa-6-cm.html\" data-quantity=\"1\" class=\"button product_type_external\" data-product_id=\"72\" data-product_sku=\"61\" aria-label=\"Sprawd\u017a najlepsze ceny\" aria-describedby=\"\" rel=\"nofollow\">Sprawd\u017a najlepsze ceny<\/a><\/li>\n<li class=\"product type-product post-485 status-publish instock product_cat-zabawki has-post-thumbnail taxable shipping-taxable product-type-external\">\n\t<a href=\"https:\/\/shihtzu.com.pl\/sklep\/produkt\/ges-lateksowa-piszczaca-14cm\/\" class=\"woocommerce-LoopProduct-link woocommerce-loop-product__link\"><img decoding=\"async\" width=\"300\" height=\"300\" src=\"https:\/\/shihtzu.com.pl\/sklep\/wp-content\/uploads\/2019\/04\/Ges-lateksowa-piszczaca-14cm-300x300.jpg\" class=\"attachment-woocommerce_thumbnail size-woocommerce_thumbnail\" alt=\"\" srcset=\"https:\/\/shihtzu.com.pl\/sklep\/wp-content\/uploads\/2019\/04\/Ges-lateksowa-piszczaca-14cm-300x300.jpg 300w, https:\/\/shihtzu.com.pl\/sklep\/wp-content\/uploads\/2019\/04\/Ges-lateksowa-piszczaca-14cm-150x150.jpg 150w, https:\/\/shihtzu.com.pl\/sklep\/wp-content\/uploads\/2019\/04\/Ges-lateksowa-piszczaca-14cm-400x400.jpg 400w, https:\/\/shihtzu.com.pl\/sklep\/wp-content\/uploads\/2019\/04\/Ges-lateksowa-piszczaca-14cm-100x100.jpg 100w\" sizes=\"(max-width: 300px) 100vw, 300px\" \/><h2 class=\"woocommerce-loop-product__title\">G\u0119\u015b lateksowa piszcz\u0105ca 14cm<\/h2>\n\t<span class=\"price\"><span class=\"woocommerce-Price-amount amount\"><bdi>7,98&nbsp;<span class=\"woocommerce-Price-currencySymbol\">&#122;&#322;<\/span><\/bdi><\/span><\/span>\n<\/a><a href=\"https:\/\/www.ceneo.pl\/2719484#pid=24110&#038;cid=41527&#038;crid=467443&#038;ls=chrome_ext\" data-quantity=\"1\" class=\"button product_type_external\" data-product_id=\"485\" data-product_sku=\"68\" aria-label=\"Sprawd\u017a najlepsze ceny\" aria-describedby=\"\" rel=\"nofollow\">Sprawd\u017a najlepsze ceny<\/a><\/li>\n<li class=\"product type-product post-476 status-publish last instock product_cat-zabawki has-post-thumbnail taxable shipping-taxable product-type-external\">\n\t<a href=\"https:\/\/shihtzu.com.pl\/sklep\/produkt\/hantelek-na-przysmaki-12cm\/\" class=\"woocommerce-LoopProduct-link woocommerce-loop-product__link\"><img decoding=\"async\" width=\"300\" height=\"300\" src=\"https:\/\/shihtzu.com.pl\/sklep\/wp-content\/uploads\/2019\/04\/Trixie-Hantelek-na-przysmaki-12cm.1-Kopia-300x300.jpg\" class=\"attachment-woocommerce_thumbnail size-woocommerce_thumbnail\" alt=\"\" srcset=\"https:\/\/shihtzu.com.pl\/sklep\/wp-content\/uploads\/2019\/04\/Trixie-Hantelek-na-przysmaki-12cm.1-Kopia-300x300.jpg 300w, https:\/\/shihtzu.com.pl\/sklep\/wp-content\/uploads\/2019\/04\/Trixie-Hantelek-na-przysmaki-12cm.1-Kopia-150x150.jpg 150w, https:\/\/shihtzu.com.pl\/sklep\/wp-content\/uploads\/2019\/04\/Trixie-Hantelek-na-przysmaki-12cm.1-Kopia-400x400.jpg 400w, https:\/\/shihtzu.com.pl\/sklep\/wp-content\/uploads\/2019\/04\/Trixie-Hantelek-na-przysmaki-12cm.1-Kopia.jpg 600w, https:\/\/shihtzu.com.pl\/sklep\/wp-content\/uploads\/2019\/04\/Trixie-Hantelek-na-przysmaki-12cm.1-Kopia-100x100.jpg 100w\" sizes=\"(max-width: 300px) 100vw, 300px\" \/><h2 class=\"woocommerce-loop-product__title\">Hantelek na przysmaki 12cm<\/h2>\n<\/a><a href=\"https:\/\/www.ceneo.pl\/44876049#pid=24110&#038;cid=41527&#038;crid=467387&#038;ls=chrome_ext\" data-quantity=\"1\" class=\"button product_type_external\" data-product_id=\"476\" data-product_sku=\"\" aria-label=\"Sprawd\u017a najlepsze ceny\" aria-describedby=\"\" rel=\"nofollow\">Sprawd\u017a najlepsze ceny<\/a><\/li>\n<li class=\"product type-product post-73 status-publish first instock product_cat-zabawki has-post-thumbnail taxable shipping-taxable product-type-external\">\n\t<a href=\"https:\/\/shihtzu.com.pl\/sklep\/produkt\/pilka-z-kolcami-trixie-6cm\/\" class=\"woocommerce-LoopProduct-link woocommerce-loop-product__link\"><img decoding=\"async\" width=\"300\" height=\"300\" src=\"https:\/\/shihtzu.com.pl\/sklep\/wp-content\/uploads\/2019\/02\/62-Pilka-z-kolcami-Trixie-6cm-300x300.jpg\" class=\"attachment-woocommerce_thumbnail size-woocommerce_thumbnail\" alt=\"\" srcset=\"https:\/\/shihtzu.com.pl\/sklep\/wp-content\/uploads\/2019\/02\/62-Pilka-z-kolcami-Trixie-6cm-300x300.jpg 300w, https:\/\/shihtzu.com.pl\/sklep\/wp-content\/uploads\/2019\/02\/62-Pilka-z-kolcami-Trixie-6cm-150x150.jpg 150w, https:\/\/shihtzu.com.pl\/sklep\/wp-content\/uploads\/2019\/02\/62-Pilka-z-kolcami-Trixie-6cm-100x100.jpg 100w\" sizes=\"(max-width: 300px) 100vw, 300px\" \/><h2 class=\"woocommerce-loop-product__title\">Pi\u0142ka z kolcami Trixie 6cm<\/h2>\n\t<span class=\"price\"><span class=\"woocommerce-Price-amount amount\"><bdi>10,22&nbsp;<span class=\"woocommerce-Price-currencySymbol\">&#122;&#322;<\/span><\/bdi><\/span><\/span>\n<\/a><a href=\"https:\/\/www.ceneo.pl\/57736585#pid=24110&#038;cid=41527&#038;crid=467443&#038;ls=chrome_ext\" data-quantity=\"1\" class=\"button product_type_external\" data-product_id=\"73\" data-product_sku=\"62\" aria-label=\"Sprawd\u017a najlepsze ceny\" aria-describedby=\"\" rel=\"nofollow\">Sprawd\u017a najlepsze ceny<\/a><\/li>\n<li class=\"product type-product post-69 status-publish instock product_cat-zabawki has-post-thumbnail taxable shipping-taxable product-type-external\">\n\t<a href=\"https:\/\/shihtzu.com.pl\/sklep\/produkt\/sum-plast-pilka-dla-psa-spiralna-4cm\/\" class=\"woocommerce-LoopProduct-link woocommerce-loop-product__link\"><img decoding=\"async\" width=\"300\" height=\"300\" src=\"https:\/\/shihtzu.com.pl\/sklep\/wp-content\/uploads\/2019\/02\/pilka-dla-psa-spiralna-4cm-sum-plast-300x300.jpg\" class=\"attachment-woocommerce_thumbnail size-woocommerce_thumbnail\" alt=\"SUM-PLAST Zabawka dla psa gryzak ko\u015b\u0107 12CM\" srcset=\"https:\/\/shihtzu.com.pl\/sklep\/wp-content\/uploads\/2019\/02\/pilka-dla-psa-spiralna-4cm-sum-plast-300x300.jpg 300w, https:\/\/shihtzu.com.pl\/sklep\/wp-content\/uploads\/2019\/02\/pilka-dla-psa-spiralna-4cm-sum-plast-150x150.jpg 150w, https:\/\/shihtzu.com.pl\/sklep\/wp-content\/uploads\/2019\/02\/pilka-dla-psa-spiralna-4cm-sum-plast-768x768.jpg 768w, https:\/\/shihtzu.com.pl\/sklep\/wp-content\/uploads\/2019\/02\/pilka-dla-psa-spiralna-4cm-sum-plast-400x400.jpg 400w, https:\/\/shihtzu.com.pl\/sklep\/wp-content\/uploads\/2019\/02\/pilka-dla-psa-spiralna-4cm-sum-plast-600x600.jpg 600w, https:\/\/shihtzu.com.pl\/sklep\/wp-content\/uploads\/2019\/02\/pilka-dla-psa-spiralna-4cm-sum-plast-100x100.jpg 100w, https:\/\/shihtzu.com.pl\/sklep\/wp-content\/uploads\/2019\/02\/pilka-dla-psa-spiralna-4cm-sum-plast.jpg 880w\" sizes=\"(max-width: 300px) 100vw, 300px\" \/><h2 class=\"woocommerce-loop-product__title\">SUM-PLAST Pi\u0142ka dla psa spiralna 4CM<\/h2>\n\t<span class=\"price\"><span class=\"woocommerce-Price-amount amount\"><bdi>4,37&nbsp;<span class=\"woocommerce-Price-currencySymbol\">&#122;&#322;<\/span><\/bdi><\/span><\/span>\n<\/a><a href=\"https:\/\/www.ceneo.pl\/49242861#pid=24110&#038;cid=41527&#038;crid=467443&#038;ls=chrome_ext\" data-quantity=\"1\" class=\"button product_type_external\" data-product_id=\"69\" data-product_sku=\"63\" aria-label=\"Sprawd\u017a najlepsze ceny\" aria-describedby=\"\" rel=\"nofollow\">Sprawd\u017a najlepsze ceny<\/a><\/li>\n<li class=\"product type-product post-67 status-publish instock product_cat-zabawki has-post-thumbnail taxable shipping-taxable product-type-external\">\n\t<a href=\"https:\/\/shihtzu.com.pl\/sklep\/produkt\/sum-plast-zabawka-dla-psa-gryzak-kosc-12cm\/\" class=\"woocommerce-LoopProduct-link woocommerce-loop-product__link\"><img decoding=\"async\" width=\"300\" height=\"300\" src=\"https:\/\/shihtzu.com.pl\/sklep\/wp-content\/uploads\/2019\/02\/zabawka-dla-psa-gryzak-kosc-12cm-sumplast-300x300.jpg\" class=\"attachment-woocommerce_thumbnail size-woocommerce_thumbnail\" alt=\"SUM-PLAST Zabawka dla psa gryzak ko\u015b\u0107 12CM\" srcset=\"https:\/\/shihtzu.com.pl\/sklep\/wp-content\/uploads\/2019\/02\/zabawka-dla-psa-gryzak-kosc-12cm-sumplast-300x300.jpg 300w, https:\/\/shihtzu.com.pl\/sklep\/wp-content\/uploads\/2019\/02\/zabawka-dla-psa-gryzak-kosc-12cm-sumplast-150x150.jpg 150w, https:\/\/shihtzu.com.pl\/sklep\/wp-content\/uploads\/2019\/02\/zabawka-dla-psa-gryzak-kosc-12cm-sumplast-400x400.jpg 400w, https:\/\/shihtzu.com.pl\/sklep\/wp-content\/uploads\/2019\/02\/zabawka-dla-psa-gryzak-kosc-12cm-sumplast-100x100.jpg 100w, https:\/\/shihtzu.com.pl\/sklep\/wp-content\/uploads\/2019\/02\/zabawka-dla-psa-gryzak-kosc-12cm-sumplast.jpg 500w\" sizes=\"(max-width: 300px) 100vw, 300px\" \/><h2 class=\"woocommerce-loop-product__title\">SUM-PLAST Zabawka dla psa gryzak ko\u015b\u0107 12CM<\/h2>\n\t<span class=\"price\"><span class=\"woocommerce-Price-amount amount\"><bdi>7,64&nbsp;<span class=\"woocommerce-Price-currencySymbol\">&#122;&#322;<\/span><\/bdi><\/span><\/span>\n<\/a><a href=\"https:\/\/www.ceneo.pl\/48875564#pid=24110&#038;cid=41527&#038;crid=467443&#038;ls=chrome_ext\" data-quantity=\"1\" class=\"button product_type_external\" data-product_id=\"67\" data-product_sku=\"66\" aria-label=\"Sprawd\u017a najlepsze ceny\" aria-describedby=\"\" rel=\"nofollow\">Sprawd\u017a najlepsze ceny<\/a><\/li>\n<\/ul>\n<\/div>\n<p><strong>Szarpaki<\/strong><\/p>\n<p>Szarpaki czyli sznurki dla psa to kolejna zabawka dla <a href=\"https:\/\/shihtzu.com.pl\/\">Shih tzu<\/a> kt\u00f3ra urozmaici zabaw\u0119 sp\u0119dzan\u0105 z w\u0142a\u015bcicielem. Wsp\u00f3lne przeci\u0105ganie czy zabieranie sznurka nie tylko jest dla psiaka dobr\u0105 zabaw\u0105, ale tak\u017ce \u0107wiczeniami, kt\u00f3re s\u0105 niezb\u0119dne dla psa sp\u0119dzaj\u0105cego wi\u0119kszo\u015b\u0107 czasu w domu.<\/p>\n<p><strong>Gryzaki<\/strong><\/p>\n<p>Ta kategoria zabawek jest raczej mniej wymagaj\u0105ca od w\u0142a\u015bciciela, wr\u0119cz stworzona gdy potrzebujemy chwili spokoju. Dobrym przyk\u0142adem mo\u017ce by\u0107 tu ulubiony serial w tv i piesek lataj\u0105cy w najlepsze po ca\u0142ym mieszkaniu. Wr\u0119czenie mu gryzaka powinno zaj\u0105\u0107 jego uwag\u0119 na d\u0142u\u017csz\u0105 chwil\u0119 i da\u0107 w\u0142a\u015bcicielowi chwil\u0119 wytchnienia.<\/p>\n<p><strong>Piszcza\u0142ki<\/strong><\/p>\n<p>Kolejn\u0105 absolutnie niezb\u0119dn\u0105 pozycj\u0105 w \u201epsiej szafie\u201d s\u0105 piszcza\u0142ki, czy to w postaci pluszowego misia, czy ukryte pod gumow\u0105 \u015bwink\u0105. Wyb\u00f3r na tym polu jest ogromny nie tylko pod wzgl\u0119dem kszta\u0142tu zabawki, ale tak\u017ce d\u017awi\u0119ku pysza\u0142ki.<\/p>\n","protected":false},"excerpt":{"rendered":"<p>Czas zabawy to nieod\u0142\u0105czny element \u017cycia z psem, czy nasz podopieczny jest ma\u0142y czy du\u017cy zawsze ch\u0119tnie bawi si\u0119 z&hellip;<\/p>\n","protected":false},"author":1,"featured_media":0,"parent":0,"menu_order":0,"comment_status":"closed","ping_status":"closed","template":"","meta":{"footnotes":""},"yoast_head":"<!-- This site is optimized with the Yoast SEO plugin v22.0 - https:\/\/yoast.com\/wordpress\/plugins\/seo\/ -->\n<title>Zabawki dla Shih Tzu - ShihTzu.com.pl<\/title>\n<meta name=\"description\" content=\"Zabawki dla Shih tzu to oczywi\u015bcie produkt z serii najpotrzebniejszych dla naszego pupila. Pami\u0119taj o tym je\u017celi lubisz swoje ciep\u0142e kapcie\" \/>\n<meta name=\"robots\" content=\"index, follow, max-snippet:-1, max-image-preview:large, max-video-preview:-1\" \/>\n<link rel=\"canonical\" href=\"https:\/\/shihtzu.com.pl\/sklep\/zabawki\/\" \/>\n<meta property=\"og:locale\" content=\"pl_PL\" \/>\n<meta property=\"og:type\" content=\"article\" \/>\n<meta property=\"og:title\" content=\"Zabawki dla Shih Tzu\" \/>\n<meta property=\"og:description\" content=\"Zabawki dla Shih tzu to oczywi\u015bcie produkt z serii najpotrzebniejszych dla naszego pupila. Pami\u0119taj o tym je\u017celi lubisz swoje ciep\u0142e kapcie :)\" \/>\n<meta property=\"og:url\" content=\"https:\/\/shihtzu.com.pl\/sklep\/zabawki\/\" \/>\n<meta property=\"og:site_name\" content=\"Sklep z artyku\u0142ami dla ps\u00f3w shihtzu.com.pl\" \/>\n<meta property=\"article:publisher\" content=\"https:\/\/www.facebook.com\/Shihtzucompl\/\" \/>\n<meta property=\"article:modified_time\" content=\"2023-11-29T00:35:20+00:00\" \/>\n<meta property=\"og:image\" content=\"https:\/\/shihtzu.com.pl\/sklep\/wp-content\/uploads\/2019\/02\/TRIXIE-Dentafun-\u2013-Pi\u0142ka-zapachowa-mi\u0119ta-5cm.jpg\" \/>\n\t<meta property=\"og:image:width\" content=\"600\" \/>\n\t<meta property=\"og:image:height\" content=\"600\" \/>\n\t<meta property=\"og:image:type\" content=\"image\/jpeg\" \/>\n<meta name=\"twitter:card\" content=\"summary_large_image\" \/>\n<meta name=\"twitter:title\" content=\"Zabawki dla Shih Tzu\" \/>\n<meta name=\"twitter:description\" content=\"Zabawki dla Shih tzu to oczywi\u015bcie produkt z serii najpotrzebniejszych dla naszego pupila. Pami\u0119taj o tym je\u017celi lubisz swoje ciep\u0142e kapcie :)\" \/>\n<meta name=\"twitter:image\" content=\"https:\/\/shihtzu.com.pl\/sklep\/wp-content\/uploads\/2019\/02\/Pi\u0142ki-z-kolcami-Trixie-6cm-kolorowe.jpg\" \/>\n<meta name=\"twitter:label1\" content=\"Szacowany czas czytania\" \/>\n\t<meta name=\"twitter:data1\" content=\"2 minuty\" \/>\n<script type=\"application\/ld+json\" class=\"yoast-schema-graph\">{\"@context\":\"https:\/\/schema.org\",\"@graph\":[{\"@type\":\"WebPage\",\"@id\":\"https:\/\/shihtzu.com.pl\/sklep\/zabawki\/\",\"url\":\"https:\/\/shihtzu.com.pl\/sklep\/zabawki\/\",\"name\":\"Zabawki dla Shih Tzu - ShihTzu.com.pl\",\"isPartOf\":{\"@id\":\"https:\/\/shihtzu.com.pl\/sklep\/#website\"},\"datePublished\":\"2019-02-22T19:31:41+00:00\",\"dateModified\":\"2023-11-29T00:35:20+00:00\",\"description\":\"Zabawki dla Shih tzu to oczywi\u015bcie produkt z serii najpotrzebniejszych dla naszego pupila. Pami\u0119taj o tym je\u017celi lubisz swoje ciep\u0142e kapcie\",\"inLanguage\":\"pl-PL\",\"potentialAction\":[{\"@type\":\"ReadAction\",\"target\":[\"https:\/\/shihtzu.com.pl\/sklep\/zabawki\/\"]}]},{\"@type\":\"WebSite\",\"@id\":\"https:\/\/shihtzu.com.pl\/sklep\/#website\",\"url\":\"https:\/\/shihtzu.com.pl\/sklep\/\",\"name\":\"Sklep z artyku\u0142ami dla ps\u00f3w shihtzu.com.pl\",\"description\":\"Sklep specjalistyczny z artyku\u0142ami pod ras\u0119 Shih tzu. Znajdziesz tu od szampon\u00f3w przeznaczonych dla Shih tzu, przez od\u017cywki a\u017c po zabawki.\",\"publisher\":{\"@id\":\"https:\/\/shihtzu.com.pl\/sklep\/#organization\"},\"potentialAction\":[{\"@type\":\"SearchAction\",\"target\":{\"@type\":\"EntryPoint\",\"urlTemplate\":\"https:\/\/shihtzu.com.pl\/sklep\/?s={search_term_string}\"},\"query-input\":\"required name=search_term_string\"}],\"inLanguage\":\"pl-PL\"},{\"@type\":\"Organization\",\"@id\":\"https:\/\/shihtzu.com.pl\/sklep\/#organization\",\"name\":\"Sklep z artyku\u0142ami dla ps\u00f3w shihtzu.com.pl\",\"url\":\"https:\/\/shihtzu.com.pl\/sklep\/\",\"logo\":{\"@type\":\"ImageObject\",\"inLanguage\":\"pl-PL\",\"@id\":\"https:\/\/shihtzu.com.pl\/sklep\/#\/schema\/logo\/image\/\",\"url\":\"https:\/\/shihtzu.com.pl\/sklep\/wp-content\/uploads\/2020\/10\/cropped-Sklep-dla-shih-tzu-Logo.png\",\"contentUrl\":\"https:\/\/shihtzu.com.pl\/sklep\/wp-content\/uploads\/2020\/10\/cropped-Sklep-dla-shih-tzu-Logo.png\",\"width\":2077,\"height\":519,\"caption\":\"Sklep z artyku\u0142ami dla ps\u00f3w shihtzu.com.pl\"},\"image\":{\"@id\":\"https:\/\/shihtzu.com.pl\/sklep\/#\/schema\/logo\/image\/\"},\"sameAs\":[\"https:\/\/www.facebook.com\/Shihtzucompl\/\",\"https:\/\/www.linkedin.com\/company\/shih-tzu-sklep\/\"]}]}<\/script>\n<!-- \/ Yoast SEO plugin. -->","yoast_head_json":{"title":"Zabawki dla Shih Tzu - ShihTzu.com.pl","description":"Zabawki dla Shih tzu to oczywi\u015bcie produkt z serii najpotrzebniejszych dla naszego pupila. Pami\u0119taj o tym je\u017celi lubisz swoje ciep\u0142e kapcie","robots":{"index":"index","follow":"follow","max-snippet":"max-snippet:-1","max-image-preview":"max-image-preview:large","max-video-preview":"max-video-preview:-1"},"canonical":"https:\/\/shihtzu.com.pl\/sklep\/zabawki\/","og_locale":"pl_PL","og_type":"article","og_title":"Zabawki dla Shih Tzu","og_description":"Zabawki dla Shih tzu to oczywi\u015bcie produkt z serii najpotrzebniejszych dla naszego pupila. Pami\u0119taj o tym je\u017celi lubisz swoje ciep\u0142e kapcie :)","og_url":"https:\/\/shihtzu.com.pl\/sklep\/zabawki\/","og_site_name":"Sklep z artyku\u0142ami dla ps\u00f3w shihtzu.com.pl","article_publisher":"https:\/\/www.facebook.com\/Shihtzucompl\/","article_modified_time":"2023-11-29T00:35:20+00:00","og_image":[{"width":600,"height":600,"url":"https:\/\/shihtzu.com.pl\/sklep\/wp-content\/uploads\/2019\/02\/TRIXIE-Dentafun-\u2013-Pi\u0142ka-zapachowa-mi\u0119ta-5cm.jpg","type":"image\/jpeg"}],"twitter_card":"summary_large_image","twitter_title":"Zabawki dla Shih Tzu","twitter_description":"Zabawki dla Shih tzu to oczywi\u015bcie produkt z serii najpotrzebniejszych dla naszego pupila. Pami\u0119taj o tym je\u017celi lubisz swoje ciep\u0142e kapcie :)","twitter_image":"https:\/\/shihtzu.com.pl\/sklep\/wp-content\/uploads\/2019\/02\/Pi\u0142ki-z-kolcami-Trixie-6cm-kolorowe.jpg","twitter_misc":{"Szacowany czas czytania":"2 minuty"},"schema":{"@context":"https:\/\/schema.org","@graph":[{"@type":"WebPage","@id":"https:\/\/shihtzu.com.pl\/sklep\/zabawki\/","url":"https:\/\/shihtzu.com.pl\/sklep\/zabawki\/","name":"Zabawki dla Shih Tzu - ShihTzu.com.pl","isPartOf":{"@id":"https:\/\/shihtzu.com.pl\/sklep\/#website"},"datePublished":"2019-02-22T19:31:41+00:00","dateModified":"2023-11-29T00:35:20+00:00","description":"Zabawki dla Shih tzu to oczywi\u015bcie produkt z serii najpotrzebniejszych dla naszego pupila. Pami\u0119taj o tym je\u017celi lubisz swoje ciep\u0142e kapcie","inLanguage":"pl-PL","potentialAction":[{"@type":"ReadAction","target":["https:\/\/shihtzu.com.pl\/sklep\/zabawki\/"]}]},{"@type":"WebSite","@id":"https:\/\/shihtzu.com.pl\/sklep\/#website","url":"https:\/\/shihtzu.com.pl\/sklep\/","name":"Sklep z artyku\u0142ami dla ps\u00f3w shihtzu.com.pl","description":"Sklep specjalistyczny z artyku\u0142ami pod ras\u0119 Shih tzu. Znajdziesz tu od szampon\u00f3w przeznaczonych dla Shih tzu, przez od\u017cywki a\u017c po zabawki.","publisher":{"@id":"https:\/\/shihtzu.com.pl\/sklep\/#organization"},"potentialAction":[{"@type":"SearchAction","target":{"@type":"EntryPoint","urlTemplate":"https:\/\/shihtzu.com.pl\/sklep\/?s={search_term_string}"},"query-input":"required name=search_term_string"}],"inLanguage":"pl-PL"},{"@type":"Organization","@id":"https:\/\/shihtzu.com.pl\/sklep\/#organization","name":"Sklep z artyku\u0142ami dla ps\u00f3w shihtzu.com.pl","url":"https:\/\/shihtzu.com.pl\/sklep\/","logo":{"@type":"ImageObject","inLanguage":"pl-PL","@id":"https:\/\/shihtzu.com.pl\/sklep\/#\/schema\/logo\/image\/","url":"https:\/\/shihtzu.com.pl\/sklep\/wp-content\/uploads\/2020\/10\/cropped-Sklep-dla-shih-tzu-Logo.png","contentUrl":"https:\/\/shihtzu.com.pl\/sklep\/wp-content\/uploads\/2020\/10\/cropped-Sklep-dla-shih-tzu-Logo.png","width":2077,"height":519,"caption":"Sklep z artyku\u0142ami dla ps\u00f3w shihtzu.com.pl"},"image":{"@id":"https:\/\/shihtzu.com.pl\/sklep\/#\/schema\/logo\/image\/"},"sameAs":["https:\/\/www.facebook.com\/Shihtzucompl\/","https:\/\/www.linkedin.com\/company\/shih-tzu-sklep\/"]}]}},"_links":{"self":[{"href":"https:\/\/shihtzu.com.pl\/sklep\/wp-json\/wp\/v2\/pages\/206"}],"collection":[{"href":"https:\/\/shihtzu.com.pl\/sklep\/wp-json\/wp\/v2\/pages"}],"about":[{"href":"https:\/\/shihtzu.com.pl\/sklep\/wp-json\/wp\/v2\/types\/page"}],"author":[{"embeddable":true,"href":"https:\/\/shihtzu.com.pl\/sklep\/wp-json\/wp\/v2\/users\/1"}],"replies":[{"embeddable":true,"href":"https:\/\/shihtzu.com.pl\/sklep\/wp-json\/wp\/v2\/comments?post=206"}],"version-history":[{"count":0,"href":"https:\/\/shihtzu.com.pl\/sklep\/wp-json\/wp\/v2\/pages\/206\/revisions"}],"wp:attachment":[{"href":"https:\/\/shihtzu.com.pl\/sklep\/wp-json\/wp\/v2\/media?parent=206"}],"curies":[{"name":"wp","href":"https:\/\/api.w.org\/{rel}","templated":true}]}}